{"id":11,"date":"2020-07-21T12:22:09","date_gmt":"2020-07-21T15:22:09","guid":{"rendered":"https:\/\/one2oneschedule.com\/?page_id=11"},"modified":"2020-07-21T12:22:09","modified_gmt":"2020-07-21T15:22:09","slug":"contacto","status":"publish","type":"page","link":"https:\/\/one2oneschedule.com\/?page_id=11","title":{"rendered":"Contacto"},"content":{"rendered":"\n<p>Esta es una p\u00e1gina con informaci\u00f3n de contacto b\u00e1sica, como direcci\u00f3n y n\u00famero de tel\u00e9fono. Incluso pod\u00e9s probar un plugin para agregar un formulario de contacto.<\/p>\n","protected":false},"excerpt":{"rendered":"<p>Esta es una p\u00e1gina con informaci\u00f3n de contacto b\u00e1sica, como direcci\u00f3n y n\u00famero de tel\u00e9fono. Incluso pod\u00e9s probar un plugin para agregar un formulario de contacto.<\/p>\n","protected":false},"author":1,"featured_media":6,"parent":0,"menu_order":0,"comment_status":"closed","ping_status":"closed","template":"","meta":[],"_links":{"self":[{"href":"https:\/\/one2oneschedule.com\/index.php?rest_route=\/wp\/v2\/pages\/11"}],"collection":[{"href":"https:\/\/one2oneschedule.com\/index.php?rest_route=\/wp\/v2\/pages"}],"about":[{"href":"https:\/\/one2oneschedule.com\/index.php?rest_route=\/wp\/v2\/types\/page"}],"author":[{"embeddable":true,"href":"https:\/\/one2oneschedule.com\/index.php?rest_route=\/wp\/v2\/users\/1"}],"replies":[{"embeddable":true,"href":"https:\/\/one2oneschedule.com\/index.php?rest_route=%2Fwp%2Fv2%2Fcomments&post=11"}],"version-history":[{"count":1,"href":"https:\/\/one2oneschedule.com\/index.php?rest_route=\/wp\/v2\/pages\/11\/revisions"}],"predecessor-version":[{"id":17,"href":"https:\/\/one2oneschedule.com\/index.php?rest_route=\/wp\/v2\/pages\/11\/revisions\/17"}],"wp:featuredmedia":[{"embeddable":true,"href":"https:\/\/one2oneschedule.com\/index.php?rest_route=\/wp\/v2\/media\/6"}],"wp:attachment":[{"href":"https:\/\/one2oneschedule.com\/index.php?rest_route=%2Fwp%2Fv2%2Fmedia&parent=11"}],"curies":[{"name":"wp","href":"https:\/\/api.w.org\/{rel}","templated":true}]}}